 the millions digit of 2693059?
2
What is the hundreds digit of 8368742?
7
What is the hundred millions digit of 1750717278?
7
What is the ten thousands digit of 77559864?
5
What is the thousands digit of 60283696?
3
What is the ten thousands digit of 55288215?
8
What is the units digit of 1036214238?
8
What is the ten thousands digit of 28133161?
3
What is the hundred thousands digit of 962623578?
6
What is the units digit of 107878494?
4
What is the ten thousands digit of 22784751?
8
What is the hundred thousands digit of 1075239354?
2
What is the millions digit of 143823261?
3
What is the ten millions digit of 576620605?
7
What is the tens digit of 605407460?
6
What is the millions digit of 459951011?
9
What is the ten millions digit of 77324571?
7
What is the units digit of 26732944?
4
What is the tens digit of 736610156?
5
What is the units digit of 150574687?
7
What is the units digit of 61759848?
8
What is the millions digit of 250302162?
0
What is the units digit of 313373147?
7
What is the millions digit of 43269308?
3
What is the hundred thousands digit of 53568705?
5
What is the ten thousands digit of 65553612?
5
What is the thousands digit of 571003427?
3
What is the hundreds digit of 303703760?
7
What is the units digit of 52464584?
4
What is the hundreds digit of 189110997?
9
What is the ten thousands digit of 95899437?
9
What is the hundreds digit of 56683875?
8
What is the ten millions digit of 828456723?
2
What is the hundred millions digit of 778198740?
7
What is the hundreds digit of 8929665?
6
What is the ten thousands digit of 13491718?
9
What is the thousands digit of 6272292815?
2
What is the units digit of 513065129?
9
What is the units digit of 43288469?
9
What is the millions digit of 40080204?
0
What is the hundred millions digit of 544654178?
5
What is the thousands digit of 44685279?
5
What is the tens digit of 4424560171?
7
What is the ten millions digit of 531106593?
3
What is the hundred thousands digit of 409037160?
0
What is the tens digit of 1604775768?
6
What is the hundred millions digit of 820291718?
8
What is the millions digit of 245243222?
5
What is the units digit of 771069062?
2
What is the thousands digit of 7198990?
8
What is the thousands digit of 80309425?
9
What is the hundred thousands digit of 22752030?
7
What is the millions digit of 472173845?
2
What is the ten millions digit of 96943624?
9
What is the thousands digit of 89960690?
0
What is the tens digit of 28049895?
9
What is the hundred thousands digit of 2886329415?
3
What is the units digit of 77107762?
2
What is the thousands digit of 146783809?
3
What is the units digit of 354468561?
1
What is the hundred millions digit of 2067414468?
0
What is the units digit of 24535851?
1
What is the tens digit of 32698388?
8
What is the millions digit of 541305798?
1
What is the ten thousands digit of 1086136106?
3
What is the hundreds digit of 169407918?
9
What is the tens digit of 619185482?
8
What is the ten thousands digit of 4569598?
6
What is the millions digit of 347537055?
7
What is the ten millions digit of 990001812?
9
What is the tens digit of 428269093?
9
What is the hundred millions digit of 267906591?
2
What is the ten thousands digit of 54725846?
2
What is the hundred thousands digit of 464741718?
7
What is the ten millions digit of 195006033?
9
What is the thousands digit of 57573304?
3
What is the units digit of 26846766?
6
What is the ten millions digit of 47245280?
4
What is the hundred thousands digit of 1521248202?
2
What is the units digit of 639002129?
9
What is the hundreds digit of 16774196?
1
What is the hundred thousands digit of 263724022?
7
What is the millions digit of 2244093844?
4
What is the units digit of 312042329?
9
What is the hundred thousands digit of 3571756301?
7
What is the hundred millions digit of 1980630348?
9
What is the tens digit of 101893594?
9
What is the hundreds digit of 1658615?
6
What is the units digit of 798148775?
5
What is the millions digit of 400844947?
0
What is the hundreds digit of 72788169?
1
What is the hundred thousands digit of 289214689?
2
What is the hundreds digit of 2511150960?
9
What is the thousands digit of 2436401745?
1
What is the units digit of 409809480?
0
What is the units digit of 24734229?
9
What is the units digit of 370189609?
9
What is the hundred millions digit of 127157966?
1
What is the thousands digit of 512446249?
6
What is the thousands digit of 3474060?
4
What is the ten millions digit of 463781883?
6
What is the units digit of 15639694?
4
What is the ten millions digit of 962194923?
6
What is the tens digit of 4693635526?
2
What is the thousands digit of 381945876?
5
What is the ten millions digit of 66581692?
6
What is the ten thousands digit of 65444012?
4
What is the hundreds digit of 351516150?
1
What is the units digit of 1136170?
0
What is the hundred thousands digit of 43229732?
2
What is the millions digit of 1120578493?
0
What is the hundreds digit of 211819692?
6
What is the hundreds digit of 850838177?
1
What is the hundred millions digit of 318187757?
3
What is the hundred millions digit of 3953666904?
9
What is the millions digit of 191919050?
1
What is the hundred thousands digit of 897667302?
6
What is the hundred thousands digit of 2749329685?
3
What is the units digit of 862576757?
7
What is the thousands digit of 315604227?
4
What is the hundreds digit of 111173279?
2
What is the tens digit of 426658090?
9
What is the ten thousands digit of 174749583?
4
What is the tens digit of 222617585?
8
What is the ten thousands digit of 225193725?
9
What is the hundreds digit of 268502311?
3
What is the millions digit of 815308660?
5
What is the hundreds digit of 118990326?
3
What is the tens digit of 675760024?
2
What is the units digit of 85091981?
1
What is the ten millions digit of 21830335?
2
What is the units digit of 1165787642?
2
What is the billions digit of 1831751272?
1
What is the units digit of 413908960?
0
What is the hundred thousands digit of 330180456?
1
What is the hundred thousands digit of 209553434?
5
What is the ten thousands digit of 45342210?
4
What is the ten thousands digit of 221186647?
8
What is the thousands digit of 67227425?
7
What is the thousands digit of 3213755?
3
What is the thousands digit of 281958862?
8
What is the hundreds digit of 11662709?
7
What is the ten millions digit of 35095499?
3
What is the thousands digit of 119920864?
0
What is the hundred thousands digit of 222588108?
5
What is the millions digit of 242041419?
2
What is the hundred thousands digit of 90319278?
3
What is the tens digit of 323828041?
4
What is the tens digit of 61384425?
2
What is the tens digit of 334820778?
7
What is the hundreds digit of 202136590?
5
What is the thousands digit of 240355458?
5
What is the hundreds digit of 44980518?
5
What is the hundred thousands digit of 2584827?
5
What is the tens digit of 7732900?
0
What is the ten millions digit of 324798578?
2
What is the hundred thousands digit of 54591125?
5
What is the millions digit of 22168252?
2
What is the ten millions digit of 2143293122?
4
What is the hundred millions digit of 159801806?
1
What is the thousands digit of 625601951?
1
What is the ten thousands digit of 50392538?
9
What is the units digit of 27480285?
5
What is the thousands digit of 119229808?
9
What is the hundred thousands digit of 26088571?
0
What is the hundred millions digit of 757541005?
7
What is the billions digit of 1142831467?
1
What is the tens digit of 3624615?
1
What is the tens digit of 2401025940?
4
What is the ten thousands digit of 1249782226?
8
What is the hundred millions digit of 632625008?
6
What is the ten millions digit of 4516369647?
1
What is the hundreds digit of 8552271?
2
What is the ten millions digit of 91583728?
9
What is the thousands digit of 1059186172?
6
What is the hundred thousands digit of 60508563?
5
What is the tens digit of 1280940374?
7
What is the tens digit of 5268168627?
2
What is the hundred millions digit of 827995635?
8
What is the thousands digit of 878827215?
7
What is the ten thousands digit of 245162051?
6
What is the ten thousands digit of 2197574286?
7
What is the hundred thousands digit of 240685752?
6
What is the hundreds digit of 962497655?
